{"id":4172,"date":"2024-05-06T10:54:01","date_gmt":"2024-05-06T08:54:01","guid":{"rendered":"https:\/\/amphi-festival.de\/act\/frank-the-baptist\/"},"modified":"2024-05-06T10:54:01","modified_gmt":"2024-05-06T08:54:01","slug":"frank-the-baptist","status":"publish","type":"act","link":"https:\/\/amphi-festival.de\/en\/act\/frank-the-baptist\/","title":{"rendered":"Frank the Baptist"},"content":{"rendered":"<p>Nach dem Umzug von der kalifornischen Westk\u00fcste in die deutsche Hauptstadt, sind FRANK THE BAPTIST und seine neu rekrutierten Mannen \u2013 darunter auch der illustre Musikus BENN RA (Hatesex, Plush Insane, ex-Diva Destruction, ex-Scarlet\u2019s Remains) \u2013 zurzeit dabei den dritten Longplayer \u201eThe New Colossus\u201c einzuspielen, welcher im Fr\u00fchjahr 2007 das Licht der Welt erblicken wird, nat\u00fcrlich wieder via der Goth-Talentschmiede schlechthin, Strobelight Records aus \u00d6sterreich.<\/p>\n<p>Frank the Baptist Der Live-Einstand des neuen Line-Ups beim diesj\u00e4hrigen Leipziger Schwarzlicht-Festival war sensationell, und lie\u00df das ausverkaufte Haus begeistert zur\u00fcck. Da FRANK THE BAPTIST gerne das brandneue Material noch ausgiebiger vor Publikum pr\u00e4sentieren wollen, begibt sich das Quartett Ende Dezember nochmals auf eine kleine Clubtour, bevor dann im neuen Jahr \u2013 dann auch mit dem neuen Silberling im Gep\u00e4ck \u2013 so richtig die Post abgehen wird.<\/p>\n<p>Wer FRANK THE BAPTIST live kennt, kann nur beipflichten: Was aus der Konserve schon verf\u00fchrerisch und einschmeichelnd klingt, wird on stage zu einem aufbrausenden Orkan aus wavigen Gitarren, treibenden Drums, elegischem Bassspiel und FRANKs unglaublich-einzigartiger Stimme.<\/p>\n<p>Die neuen Knaller \u201eNautical Miles\u201c, \u201eWhen The Sky\u201c, \u201eCosmonauts\u201c oder \u201eWhen I Drink I Think Of You\u201c sind mehr als nur legitime Nachfolger f\u00fcr Klassiker in spe wie \u201eEver\u201c, \u201eSigning Off\u201c oder \u201eEchoes Of Never\u201c.<\/p>\n<p>FRANK THE BAPTIST livehaftig auf der B\u00fchne zu erleben, ist ein Erlebnis sondergleichen. Egal ob auf kleinen Clubb\u00fchnen, oder als Headliner beim Wave Gotik Treffen vor tausenden von begeisterten Fans: FRANK THE BAPTIST always deliver! <\/p>\n","protected":false},"author":1,"featured_media":4170,"template":"","festival":[55],"class_list":["post-4172","act","type-act","status-publish","has-post-thumbnail","hentry","festival-2010-en"],"acf":{"website":"http:\/\/www.frankthebaptist.com\/","facebook_url":"","spotify_url":"","date":null,"begin":"","end":"","location":"","amphi_festival_premiere":false},"yoast_head":"<!-- This site is optimized with the Yoast SEO plugin v27.4 - https:\/\/yoast.com\/product\/yoast-seo-wordpress\/ -->\n<title>Frank the Baptist - Amphi Festival 2026 - Tanzbrunnen Cologne<\/title>\n<meta name=\"description\" content=\"Nach dem Umzug von der kalifornischen Westk\u00fcste in die deutsche Hauptstadt, sind FRANK THE BAPTIST und seine neu rekrutierten Mannen \u2013 darunter auch der\" \/>\n<meta name=\"robots\" content=\"index, follow, max-snippet:-1, max-image-preview:large, max-video-preview:-1\" \/>\n<link rel=\"canonical\" href=\"https:\/\/amphi-festival.de\/en\/act\/frank-the-baptist\/\" \/>\n<meta property=\"og:locale\" content=\"en_US\" \/>\n<meta property=\"og:type\" content=\"article\" \/>\n<meta property=\"og:title\" content=\"Frank the Baptist - Amphi Festival 2026 - Tanzbrunnen Cologne\" \/>\n<meta property=\"og:description\" content=\"Nach dem Umzug von der kalifornischen Westk\u00fcste in die deutsche Hauptstadt, sind FRANK THE BAPTIST und seine neu rekrutierten Mannen \u2013 darunter auch der\" \/>\n<meta property=\"og:url\" content=\"https:\/\/amphi-festival.de\/en\/act\/frank-the-baptist\/\" \/>\n<meta property=\"og:site_name\" content=\"Amphi Festival 2026 - Tanzbrunnen Cologne\" \/>\n<meta property=\"article:publisher\" content=\"https:\/\/www.facebook.com\/amphifestival\" \/>\n<meta property=\"og:image\" content=\"https:\/\/amphi-festival.de\/wp-content\/uploads\/sites\/2\/2026\/01\/260120-Amphi-2026_Ansichtsflyer.jpg\" \/>\n\t<meta property=\"og:image:width\" content=\"1080\" \/>\n\t<meta property=\"og:image:height\" content=\"1518\" \/>\n\t<meta property=\"og:image:type\" content=\"image\/jpeg\" \/>\n<meta name=\"twitter:card\" content=\"summary_large_image\" \/>\n<meta name=\"twitter:label1\" content=\"Est. reading time\" \/>\n\t<meta name=\"twitter:data1\" content=\"1 minute\" \/>\n<script type=\"application\/ld+json\" class=\"yoast-schema-graph\">{\"@context\":\"https:\\\/\\\/schema.org\",\"@graph\":[{\"@type\":\"WebPage\",\"@id\":\"https:\\\/\\\/amphi-festival.de\\\/en\\\/act\\\/frank-the-baptist\\\/\",\"url\":\"https:\\\/\\\/amphi-festival.de\\\/en\\\/act\\\/frank-the-baptist\\\/\",\"name\":\"Frank the Baptist - Amphi Festival 2026 - Tanzbrunnen Cologne\",\"isPartOf\":{\"@id\":\"https:\\\/\\\/amphi-festival.de\\\/en\\\/#website\"},\"primaryImageOfPage\":{\"@id\":\"https:\\\/\\\/amphi-festival.de\\\/en\\\/act\\\/frank-the-baptist\\\/#primaryimage\"},\"image\":{\"@id\":\"https:\\\/\\\/amphi-festival.de\\\/en\\\/act\\\/frank-the-baptist\\\/#primaryimage\"},\"thumbnailUrl\":\"https:\\\/\\\/amphi-festival.de\\\/wp-content\\\/uploads\\\/sites\\\/2\\\/2024\\\/05\\\/Frank-the-Baptist-jpg.webp\",\"datePublished\":\"2024-05-06T08:54:01+00:00\",\"description\":\"Nach dem Umzug von der kalifornischen Westk\u00fcste in die deutsche Hauptstadt, sind FRANK THE BAPTIST und seine neu rekrutierten Mannen \u2013 darunter auch der\",\"breadcrumb\":{\"@id\":\"https:\\\/\\\/amphi-festival.de\\\/en\\\/act\\\/frank-the-baptist\\\/#breadcrumb\"},\"inLanguage\":\"en-US\",\"potentialAction\":[{\"@type\":\"ReadAction\",\"target\":[\"https:\\\/\\\/amphi-festival.de\\\/en\\\/act\\\/frank-the-baptist\\\/\"]}]},{\"@type\":\"ImageObject\",\"inLanguage\":\"en-US\",\"@id\":\"https:\\\/\\\/amphi-festival.de\\\/en\\\/act\\\/frank-the-baptist\\\/#primaryimage\",\"url\":\"https:\\\/\\\/amphi-festival.de\\\/wp-content\\\/uploads\\\/sites\\\/2\\\/2024\\\/05\\\/Frank-the-Baptist-jpg.webp\",\"contentUrl\":\"https:\\\/\\\/amphi-festival.de\\\/wp-content\\\/uploads\\\/sites\\\/2\\\/2024\\\/05\\\/Frank-the-Baptist-jpg.webp\",\"width\":250,\"height\":181},{\"@type\":\"BreadcrumbList\",\"@id\":\"https:\\\/\\\/amphi-festival.de\\\/en\\\/act\\\/frank-the-baptist\\\/#breadcrumb\",\"itemListElement\":[{\"@type\":\"ListItem\",\"position\":1,\"name\":\"Startseite\",\"item\":\"https:\\\/\\\/amphi-festival.de\\\/en\\\/\"},{\"@type\":\"ListItem\",\"position\":2,\"name\":\"Frank the Baptist\"}]},{\"@type\":\"WebSite\",\"@id\":\"https:\\\/\\\/amphi-festival.de\\\/en\\\/#website\",\"url\":\"https:\\\/\\\/amphi-festival.de\\\/en\\\/\",\"name\":\"Amphi Festival 2026 - Tanzbrunnen K\u00f6ln\",\"description\":\"XX Amphi-Festival - Tanzbrunnen Cologne vom 25.-26.July 2026\",\"publisher\":{\"@id\":\"https:\\\/\\\/amphi-festival.de\\\/en\\\/#organization\"},\"alternateName\":\"Amphi Festival\",\"potentialAction\":[{\"@type\":\"SearchAction\",\"target\":{\"@type\":\"EntryPoint\",\"urlTemplate\":\"https:\\\/\\\/amphi-festival.de\\\/en\\\/?s={search_term_string}\"},\"query-input\":{\"@type\":\"PropertyValueSpecification\",\"valueRequired\":true,\"valueName\":\"search_term_string\"}}],\"inLanguage\":\"en-US\"},{\"@type\":\"Organization\",\"@id\":\"https:\\\/\\\/amphi-festival.de\\\/en\\\/#organization\",\"name\":\"Amphi Festival GmbH\",\"alternateName\":\"Amphi Festival\",\"url\":\"https:\\\/\\\/amphi-festival.de\\\/en\\\/\",\"logo\":{\"@type\":\"ImageObject\",\"inLanguage\":\"en-US\",\"@id\":\"https:\\\/\\\/amphi-festival.de\\\/en\\\/#\\\/schema\\\/logo\\\/image\\\/\",\"url\":\"https:\\\/\\\/amphi-festival.de\\\/wp-content\\\/uploads\\\/sites\\\/2\\\/2024\\\/04\\\/amphi-logo-696x969-1-jpg.webp\",\"contentUrl\":\"https:\\\/\\\/amphi-festival.de\\\/wp-content\\\/uploads\\\/sites\\\/2\\\/2024\\\/04\\\/amphi-logo-696x969-1-jpg.webp\",\"width\":696,\"height\":696,\"caption\":\"Amphi Festival GmbH\"},\"image\":{\"@id\":\"https:\\\/\\\/amphi-festival.de\\\/en\\\/#\\\/schema\\\/logo\\\/image\\\/\"},\"sameAs\":[\"https:\\\/\\\/www.facebook.com\\\/amphifestival\",\"https:\\\/\\\/www.youtube.com\\\/amphicrew\",\"https:\\\/\\\/www.instagram.com\\\/amphifestival\\\/\",\"https:\\\/\\\/www.tiktok.com\\\/@amphifestival\"]}]}<\/script>\n<!-- \/ Yoast SEO plugin. -->","yoast_head_json":{"title":"Frank the Baptist - Amphi Festival 2026 - Tanzbrunnen Cologne","description":"Nach dem Umzug von der kalifornischen Westk\u00fcste in die deutsche Hauptstadt, sind FRANK THE BAPTIST und seine neu rekrutierten Mannen \u2013 darunter auch der","robots":{"index":"index","follow":"follow","max-snippet":"max-snippet:-1","max-image-preview":"max-image-preview:large","max-video-preview":"max-video-preview:-1"},"canonical":"https:\/\/amphi-festival.de\/en\/act\/frank-the-baptist\/","og_locale":"en_US","og_type":"article","og_title":"Frank the Baptist - Amphi Festival 2026 - Tanzbrunnen Cologne","og_description":"Nach dem Umzug von der kalifornischen Westk\u00fcste in die deutsche Hauptstadt, sind FRANK THE BAPTIST und seine neu rekrutierten Mannen \u2013 darunter auch der","og_url":"https:\/\/amphi-festival.de\/en\/act\/frank-the-baptist\/","og_site_name":"Amphi Festival 2026 - Tanzbrunnen Cologne","article_publisher":"https:\/\/www.facebook.com\/amphifestival","og_image":[{"width":1080,"height":1518,"url":"https:\/\/amphi-festival.de\/wp-content\/uploads\/sites\/2\/2026\/01\/260120-Amphi-2026_Ansichtsflyer.jpg","type":"image\/jpeg"}],"twitter_card":"summary_large_image","twitter_misc":{"Est. reading time":"1 minute"},"schema":{"@context":"https:\/\/schema.org","@graph":[{"@type":"WebPage","@id":"https:\/\/amphi-festival.de\/en\/act\/frank-the-baptist\/","url":"https:\/\/amphi-festival.de\/en\/act\/frank-the-baptist\/","name":"Frank the Baptist - Amphi Festival 2026 - Tanzbrunnen Cologne","isPartOf":{"@id":"https:\/\/amphi-festival.de\/en\/#website"},"primaryImageOfPage":{"@id":"https:\/\/amphi-festival.de\/en\/act\/frank-the-baptist\/#primaryimage"},"image":{"@id":"https:\/\/amphi-festival.de\/en\/act\/frank-the-baptist\/#primaryimage"},"thumbnailUrl":"https:\/\/amphi-festival.de\/wp-content\/uploads\/sites\/2\/2024\/05\/Frank-the-Baptist-jpg.webp","datePublished":"2024-05-06T08:54:01+00:00","description":"Nach dem Umzug von der kalifornischen Westk\u00fcste in die deutsche Hauptstadt, sind FRANK THE BAPTIST und seine neu rekrutierten Mannen \u2013 darunter auch der","breadcrumb":{"@id":"https:\/\/amphi-festival.de\/en\/act\/frank-the-baptist\/#breadcrumb"},"inLanguage":"en-US","potentialAction":[{"@type":"ReadAction","target":["https:\/\/amphi-festival.de\/en\/act\/frank-the-baptist\/"]}]},{"@type":"ImageObject","inLanguage":"en-US","@id":"https:\/\/amphi-festival.de\/en\/act\/frank-the-baptist\/#primaryimage","url":"https:\/\/amphi-festival.de\/wp-content\/uploads\/sites\/2\/2024\/05\/Frank-the-Baptist-jpg.webp","contentUrl":"https:\/\/amphi-festival.de\/wp-content\/uploads\/sites\/2\/2024\/05\/Frank-the-Baptist-jpg.webp","width":250,"height":181},{"@type":"BreadcrumbList","@id":"https:\/\/amphi-festival.de\/en\/act\/frank-the-baptist\/#breadcrumb","itemListElement":[{"@type":"ListItem","position":1,"name":"Startseite","item":"https:\/\/amphi-festival.de\/en\/"},{"@type":"ListItem","position":2,"name":"Frank the Baptist"}]},{"@type":"WebSite","@id":"https:\/\/amphi-festival.de\/en\/#website","url":"https:\/\/amphi-festival.de\/en\/","name":"Amphi Festival 2026 - Tanzbrunnen K\u00f6ln","description":"XX Amphi-Festival - Tanzbrunnen Cologne vom 25.-26.July 2026","publisher":{"@id":"https:\/\/amphi-festival.de\/en\/#organization"},"alternateName":"Amphi Festival","potentialAction":[{"@type":"SearchAction","target":{"@type":"EntryPoint","urlTemplate":"https:\/\/amphi-festival.de\/en\/?s={search_term_string}"},"query-input":{"@type":"PropertyValueSpecification","valueRequired":true,"valueName":"search_term_string"}}],"inLanguage":"en-US"},{"@type":"Organization","@id":"https:\/\/amphi-festival.de\/en\/#organization","name":"Amphi Festival GmbH","alternateName":"Amphi Festival","url":"https:\/\/amphi-festival.de\/en\/","logo":{"@type":"ImageObject","inLanguage":"en-US","@id":"https:\/\/amphi-festival.de\/en\/#\/schema\/logo\/image\/","url":"https:\/\/amphi-festival.de\/wp-content\/uploads\/sites\/2\/2024\/04\/amphi-logo-696x969-1-jpg.webp","contentUrl":"https:\/\/amphi-festival.de\/wp-content\/uploads\/sites\/2\/2024\/04\/amphi-logo-696x969-1-jpg.webp","width":696,"height":696,"caption":"Amphi Festival GmbH"},"image":{"@id":"https:\/\/amphi-festival.de\/en\/#\/schema\/logo\/image\/"},"sameAs":["https:\/\/www.facebook.com\/amphifestival","https:\/\/www.youtube.com\/amphicrew","https:\/\/www.instagram.com\/amphifestival\/","https:\/\/www.tiktok.com\/@amphifestival"]}]}},"_links":{"self":[{"href":"https:\/\/amphi-festival.de\/en\/wp-json\/wp\/v2\/act\/4172","targetHints":{"allow":["GET"]}}],"collection":[{"href":"https:\/\/amphi-festival.de\/en\/wp-json\/wp\/v2\/act"}],"about":[{"href":"https:\/\/amphi-festival.de\/en\/wp-json\/wp\/v2\/types\/act"}],"author":[{"embeddable":true,"href":"https:\/\/amphi-festival.de\/en\/wp-json\/wp\/v2\/users\/1"}],"version-history":[{"count":0,"href":"https:\/\/amphi-festival.de\/en\/wp-json\/wp\/v2\/act\/4172\/revisions"}],"wp:featuredmedia":[{"embeddable":true,"href":"https:\/\/amphi-festival.de\/en\/wp-json\/wp\/v2\/media\/4170"}],"wp:attachment":[{"href":"https:\/\/amphi-festival.de\/en\/wp-json\/wp\/v2\/media?parent=4172"}],"wp:term":[{"taxonomy":"festival","embeddable":true,"href":"https:\/\/amphi-festival.de\/en\/wp-json\/wp\/v2\/festival?post=4172"}],"curies":[{"name":"wp","href":"https:\/\/api.w.org\/{rel}","templated":true}]}}

<p>Nach dem Umzug von der kalifornischen Westküste in die deutsche Hauptstadt, sind FRANK THE BAPTIST und seine neu rekrutierten Mannen – darunter auch der illustre Musikus BENN RA (Hatesex, Plush Insane, ex-Diva Destruction, ex-Scarlet’s Remains) – zurzeit dabei den dritten Longplayer „The New Colossus“ einzuspielen, welcher im Frühjahr 2007 das Licht der Welt erblicken wird, natürlich wieder via der Goth-Talentschmiede schlechthin, Strobelight Records aus Österreich.</p>
<p>Frank the Baptist Der Live-Einstand des neuen Line-Ups beim diesjährigen Leipziger Schwarzlicht-Festival war sensationell, und ließ das ausverkaufte Haus begeistert zurück. Da FRANK THE BAPTIST gerne das brandneue Material noch ausgiebiger vor Publikum präsentieren wollen, begibt sich das Quartett Ende Dezember nochmals auf eine kleine Clubtour, bevor dann im neuen Jahr – dann auch mit dem neuen Silberling im Gepäck – so richtig die Post abgehen wird.</p>
<p>Wer FRANK THE BAPTIST live kennt, kann nur beipflichten: Was aus der Konserve schon verführerisch und einschmeichelnd klingt, wird on stage zu einem aufbrausenden Orkan aus wavigen Gitarren, treibenden Drums, elegischem Bassspiel und FRANKs unglaublich-einzigartiger Stimme.</p>
<p>Die neuen Knaller „Nautical Miles“, „When The Sky“, „Cosmonauts“ oder „When I Drink I Think Of You“ sind mehr als nur legitime Nachfolger für Klassiker in spe wie „Ever“, „Signing Off“ oder „Echoes Of Never“.</p>
<p>FRANK THE BAPTIST livehaftig auf der Bühne zu erleben, ist ein Erlebnis sondergleichen. Egal ob auf kleinen Clubbühnen, oder als Headliner beim Wave Gotik Treffen vor tausenden von begeisterten Fans: FRANK THE BAPTIST always deliver! </p>

<!-- This site is optimized with the Yoast SEO plugin v27.4 - https://yoast.com/product/yoast-seo-wordpress/ -->
<title>Frank the Baptist - Amphi Festival 2026 - Tanzbrunnen Cologne</title>
<meta name="description" content="Nach dem Umzug von der kalifornischen Westküste in die deutsche Hauptstadt, sind FRANK THE BAPTIST und seine neu rekrutierten Mannen – darunter auch der" />
<meta name="robots" content="index, follow, max-snippet:-1, max-image-preview:large, max-video-preview:-1" />
<link rel="canonical" href="https://amphi-festival.de/en/act/frank-the-baptist/" />
<meta property="og:locale" content="en_US" />
<meta property="og:type" content="article" />
<meta property="og:title" content="Frank the Baptist - Amphi Festival 2026 - Tanzbrunnen Cologne" />
<meta property="og:description" content="Nach dem Umzug von der kalifornischen Westküste in die deutsche Hauptstadt, sind FRANK THE BAPTIST und seine neu rekrutierten Mannen – darunter auch der" />
<meta property="og:url" content="https://amphi-festival.de/en/act/frank-the-baptist/" />
<meta property="og:site_name" content="Amphi Festival 2026 - Tanzbrunnen Cologne" />
<meta property="article:publisher" content="https://www.facebook.com/amphifestival" />
<meta property="og:image" content="https://amphi-festival.de/wp-content/uploads/sites/2/2026/01/260120-Amphi-2026_Ansichtsflyer.jpg" />
	<meta property="og:image:width" content="1080" />
	<meta property="og:image:height" content="1518" />
	<meta property="og:image:type" content="image/jpeg" />
<meta name="twitter:card" content="summary_large_image" />
<meta name="twitter:label1" content="Est. reading time" />
	<meta name="twitter:data1" content="1 minute" />
<script type="application/ld+json" class="yoast-schema-graph">{"@context":"https:\/\/schema.org","@graph":[{"@type":"WebPage","@id":"https:\/\/amphi-festival.de\/en\/act\/frank-the-baptist\/","url":"https:\/\/amphi-festival.de\/en\/act\/frank-the-baptist\/","name":"Frank the Baptist - Amphi Festival 2026 - Tanzbrunnen Cologne","isPartOf":{"@id":"https:\/\/amphi-festival.de\/en\/#website"},"primaryImageOfPage":{"@id":"https:\/\/amphi-festival.de\/en\/act\/frank-the-baptist\/#primaryimage"},"image":{"@id":"https:\/\/amphi-festival.de\/en\/act\/frank-the-baptist\/#primaryimage"},"thumbnailUrl":"https:\/\/amphi-festival.de\/wp-content\/uploads\/sites\/2\/2024\/05\/Frank-the-Baptist-jpg.webp","datePublished":"2024-05-06T08:54:01+00:00","description":"Nach dem Umzug von der kalifornischen Westküste in die deutsche Hauptstadt, sind FRANK THE BAPTIST und seine neu rekrutierten Mannen – darunter auch der","breadcrumb":{"@id":"https:\/\/amphi-festival.de\/en\/act\/frank-the-baptist\/#breadcrumb"},"inLanguage":"en-US","potentialAction":[{"@type":"ReadAction","target":["https:\/\/amphi-festival.de\/en\/act\/frank-the-baptist\/"]}]},{"@type":"ImageObject","inLanguage":"en-US","@id":"https:\/\/amphi-festival.de\/en\/act\/frank-the-baptist\/#primaryimage","url":"https:\/\/amphi-festival.de\/wp-content\/uploads\/sites\/2\/2024\/05\/Frank-the-Baptist-jpg.webp","contentUrl":"https:\/\/amphi-festival.de\/wp-content\/uploads\/sites\/2\/2024\/05\/Frank-the-Baptist-jpg.webp","width":250,"height":181},{"@type":"BreadcrumbList","@id":"https:\/\/amphi-festival.de\/en\/act\/frank-the-baptist\/#breadcrumb","itemListElement":[{"@type":"ListItem","position":1,"name":"Startseite","item":"https:\/\/amphi-festival.de\/en\/"},{"@type":"ListItem","position":2,"name":"Frank the Baptist"}]},{"@type":"WebSite","@id":"https:\/\/amphi-festival.de\/en\/#website","url":"https:\/\/amphi-festival.de\/en\/","name":"Amphi Festival 2026 - Tanzbrunnen Köln","description":"XX Amphi-Festival - Tanzbrunnen Cologne vom 25.-26.July 2026","publisher":{"@id":"https:\/\/amphi-festival.de\/en\/#organization"},"alternateName":"Amphi Festival","potentialAction":[{"@type":"SearchAction","target":{"@type":"EntryPoint","urlTemplate":"https:\/\/amphi-festival.de\/en\/?s={search_term_string}"},"query-input":{"@type":"PropertyValueSpecification","valueRequired":true,"valueName":"search_term_string"}}],"inLanguage":"en-US"},{"@type":"Organization","@id":"https:\/\/amphi-festival.de\/en\/#organization","name":"Amphi Festival GmbH","alternateName":"Amphi Festival","url":"https:\/\/amphi-festival.de\/en\/","logo":{"@type":"ImageObject","inLanguage":"en-US","@id":"https:\/\/amphi-festival.de\/en\/#\/schema\/logo\/image\/","url":"https:\/\/amphi-festival.de\/wp-content\/uploads\/sites\/2\/2024\/04\/amphi-logo-696x969-1-jpg.webp","contentUrl":"https:\/\/amphi-festival.de\/wp-content\/uploads\/sites\/2\/2024\/04\/amphi-logo-696x969-1-jpg.webp","width":696,"height":696,"caption":"Amphi Festival GmbH"},"image":{"@id":"https:\/\/amphi-festival.de\/en\/#\/schema\/logo\/image\/"},"sameAs":["https:\/\/www.facebook.com\/amphifestival","https:\/\/www.youtube.com\/amphicrew","https:\/\/www.instagram.com\/amphifestival\/","https:\/\/www.tiktok.com\/@amphifestival"]}]}</script>
<!-- / Yoast SEO plugin. -->

Nach dem Umzug von der kalifornischen Westküste in die deutsche Hauptstadt, sind FRANK THE BAPTIST und seine neu rekrutierten Mannen – darunter auch der

Amphi Festival 2026 - Tanzbrunnen Köln
