{"id":5950,"date":"2024-10-11T10:48:45","date_gmt":"2024-10-11T08:48:45","guid":{"rendered":"https:\/\/amphi-festival.de\/act\/gulvoess\/"},"modified":"2024-10-11T10:49:21","modified_gmt":"2024-10-11T08:49:21","slug":"gulvoess","status":"publish","type":"act","link":"https:\/\/amphi-festival.de\/en\/act\/gulvoess\/","title":{"rendered":"GULV\u00d8SS"},"content":{"rendered":"<p>The gifted singer and multi-instrumentalist Sven Wittmi\u00df alias GULV\u00d8SS provides plenty of cosy goosebump moments with his songs. As a wanderer between two worlds: the Nordic loneliness and the pulsating metropolis of Berlin, GULV\u00d8SS pours his soul life into melancholy hymns that only reveal their full depth and beauty bit by bit.<\/p>\n<p>Musically, GULV\u00d8SS is difficult to categorise in one of the typical genre pigeonholes. Editors fans will perhaps appreciate the melancholic warmth of his works, Depeche Mode fans the vastness and tragedy of his sound constructions and fans of insider favourite VAST may discover parallels to their dark and yet always hopeful atmospheric soundscapes, always true to the motto: \u2018Black Is Beautiful\u2019.<\/p>\n","protected":false},"author":1,"featured_media":5948,"template":"","festival":[87],"class_list":["post-5950","act","type-act","status-publish","has-post-thumbnail","hentry","festival-2025-en"],"acf":{"website":"","facebook_url":"","spotify_url":"https:\/\/open.spotify.com\/intl-de\/artist\/0cXTw4CZJsMxwNqiqTbYgU?si=nnFkilEKRWKcd1VbNrLpXA","instagram_url":"","tiktok_url":"","date":"20250719","begin":"14:05:00","end":"14:50:00","location":"Theater Stage","amphi_festival_premiere":true},"yoast_head":"<!-- This site is optimized with the Yoast SEO plugin v27.5 - https:\/\/yoast.com\/product\/yoast-seo-wordpress\/ -->\n<title>GULV\u00d8SS - Amphi Festival 2026 - Tanzbrunnen Cologne<\/title>\n<meta name=\"description\" content=\"The gifted singer and multi-instrumentalist Sven Wittmi\u00df alias GULV\u00d8SS provides plenty of cosy goosebump moments with his songs. As a wanderer between two\" \/>\n<meta name=\"robots\" content=\"index, follow, max-snippet:-1, max-image-preview:large, max-video-preview:-1\" \/>\n<link rel=\"canonical\" href=\"https:\/\/amphi-festival.de\/en\/act\/gulvoess\/\" \/>\n<meta property=\"og:locale\" content=\"en_US\" \/>\n<meta property=\"og:type\" content=\"article\" \/>\n<meta property=\"og:title\" content=\"GULV\u00d8SS - Amphi Festival 2026 - Tanzbrunnen Cologne\" \/>\n<meta property=\"og:description\" content=\"The gifted singer and multi-instrumentalist Sven Wittmi\u00df alias GULV\u00d8SS provides plenty of cosy goosebump moments with his songs. As a wanderer between two\" \/>\n<meta property=\"og:url\" content=\"https:\/\/amphi-festival.de\/en\/act\/gulvoess\/\" \/>\n<meta property=\"og:site_name\" content=\"Amphi Festival 2026 - Tanzbrunnen Cologne\" \/>\n<meta property=\"article:publisher\" content=\"https:\/\/www.facebook.com\/amphifestival\" \/>\n<meta property=\"article:modified_time\" content=\"2024-10-11T08:49:21+00:00\" \/>\n<meta property=\"og:image\" content=\"https:\/\/amphi-festival.de\/wp-content\/uploads\/sites\/2\/2024\/10\/Gulvoss-by-Rafal-Drosik.jpg\" \/>\n\t<meta property=\"og:image:width\" content=\"1920\" \/>\n\t<meta property=\"og:image:height\" content=\"1282\" \/>\n\t<meta property=\"og:image:type\" content=\"image\/jpeg\" \/>\n<meta name=\"twitter:card\" content=\"summary_large_image\" \/>\n<meta name=\"twitter:label1\" content=\"Est. reading time\" \/>\n\t<meta name=\"twitter:data1\" content=\"1 minute\" \/>\n<script type=\"application\/ld+json\" class=\"yoast-schema-graph\">{\"@context\":\"https:\\\/\\\/schema.org\",\"@graph\":[{\"@type\":\"WebPage\",\"@id\":\"https:\\\/\\\/amphi-festival.de\\\/en\\\/act\\\/gulvoess\\\/\",\"url\":\"https:\\\/\\\/amphi-festival.de\\\/en\\\/act\\\/gulvoess\\\/\",\"name\":\"GULV\u00d8SS - Amphi Festival 2026 - Tanzbrunnen Cologne\",\"isPartOf\":{\"@id\":\"https:\\\/\\\/amphi-festival.de\\\/en\\\/#website\"},\"primaryImageOfPage\":{\"@id\":\"https:\\\/\\\/amphi-festival.de\\\/en\\\/act\\\/gulvoess\\\/#primaryimage\"},\"image\":{\"@id\":\"https:\\\/\\\/amphi-festival.de\\\/en\\\/act\\\/gulvoess\\\/#primaryimage\"},\"thumbnailUrl\":\"https:\\\/\\\/amphi-festival.de\\\/wp-content\\\/uploads\\\/sites\\\/2\\\/2024\\\/10\\\/Gulvoss-by-Rafal-Drosik.jpg\",\"datePublished\":\"2024-10-11T08:48:45+00:00\",\"dateModified\":\"2024-10-11T08:49:21+00:00\",\"description\":\"The gifted singer and multi-instrumentalist Sven Wittmi\u00df alias GULV\u00d8SS provides plenty of cosy goosebump moments with his songs. As a wanderer between two\",\"breadcrumb\":{\"@id\":\"https:\\\/\\\/amphi-festival.de\\\/en\\\/act\\\/gulvoess\\\/#breadcrumb\"},\"inLanguage\":\"en-US\",\"potentialAction\":[{\"@type\":\"ReadAction\",\"target\":[\"https:\\\/\\\/amphi-festival.de\\\/en\\\/act\\\/gulvoess\\\/\"]}]},{\"@type\":\"ImageObject\",\"inLanguage\":\"en-US\",\"@id\":\"https:\\\/\\\/amphi-festival.de\\\/en\\\/act\\\/gulvoess\\\/#primaryimage\",\"url\":\"https:\\\/\\\/amphi-festival.de\\\/wp-content\\\/uploads\\\/sites\\\/2\\\/2024\\\/10\\\/Gulvoss-by-Rafal-Drosik.jpg\",\"contentUrl\":\"https:\\\/\\\/amphi-festival.de\\\/wp-content\\\/uploads\\\/sites\\\/2\\\/2024\\\/10\\\/Gulvoss-by-Rafal-Drosik.jpg\",\"width\":1920,\"height\":1282},{\"@type\":\"BreadcrumbList\",\"@id\":\"https:\\\/\\\/amphi-festival.de\\\/en\\\/act\\\/gulvoess\\\/#breadcrumb\",\"itemListElement\":[{\"@type\":\"ListItem\",\"position\":1,\"name\":\"Startseite\",\"item\":\"https:\\\/\\\/amphi-festival.de\\\/en\\\/\"},{\"@type\":\"ListItem\",\"position\":2,\"name\":\"GULV\u00d8SS\"}]},{\"@type\":\"WebSite\",\"@id\":\"https:\\\/\\\/amphi-festival.de\\\/en\\\/#website\",\"url\":\"https:\\\/\\\/amphi-festival.de\\\/en\\\/\",\"name\":\"Amphi Festival 2026 - Tanzbrunnen K\u00f6ln\",\"description\":\"XX Amphi-Festival - Tanzbrunnen Cologne vom 25.-26.July 2026\",\"publisher\":{\"@id\":\"https:\\\/\\\/amphi-festival.de\\\/en\\\/#organization\"},\"alternateName\":\"Amphi Festival\",\"potentialAction\":[{\"@type\":\"SearchAction\",\"target\":{\"@type\":\"EntryPoint\",\"urlTemplate\":\"https:\\\/\\\/amphi-festival.de\\\/en\\\/?s={search_term_string}\"},\"query-input\":{\"@type\":\"PropertyValueSpecification\",\"valueRequired\":true,\"valueName\":\"search_term_string\"}}],\"inLanguage\":\"en-US\"},{\"@type\":\"Organization\",\"@id\":\"https:\\\/\\\/amphi-festival.de\\\/en\\\/#organization\",\"name\":\"Amphi Festival GmbH\",\"alternateName\":\"Amphi Festival\",\"url\":\"https:\\\/\\\/amphi-festival.de\\\/en\\\/\",\"logo\":{\"@type\":\"ImageObject\",\"inLanguage\":\"en-US\",\"@id\":\"https:\\\/\\\/amphi-festival.de\\\/en\\\/#\\\/schema\\\/logo\\\/image\\\/\",\"url\":\"https:\\\/\\\/amphi-festival.de\\\/wp-content\\\/uploads\\\/sites\\\/2\\\/2024\\\/04\\\/amphi-logo-696x969-1-jpg.webp\",\"contentUrl\":\"https:\\\/\\\/amphi-festival.de\\\/wp-content\\\/uploads\\\/sites\\\/2\\\/2024\\\/04\\\/amphi-logo-696x969-1-jpg.webp\",\"width\":696,\"height\":696,\"caption\":\"Amphi Festival GmbH\"},\"image\":{\"@id\":\"https:\\\/\\\/amphi-festival.de\\\/en\\\/#\\\/schema\\\/logo\\\/image\\\/\"},\"sameAs\":[\"https:\\\/\\\/www.facebook.com\\\/amphifestival\",\"https:\\\/\\\/www.youtube.com\\\/amphicrew\",\"https:\\\/\\\/www.instagram.com\\\/amphifestival\\\/\",\"https:\\\/\\\/www.tiktok.com\\\/@amphifestival\"]}]}<\/script>\n<!-- \/ Yoast SEO plugin. -->","yoast_head_json":{"title":"GULV\u00d8SS - Amphi Festival 2026 - Tanzbrunnen Cologne","description":"The gifted singer and multi-instrumentalist Sven Wittmi\u00df alias GULV\u00d8SS provides plenty of cosy goosebump moments with his songs. As a wanderer between two","robots":{"index":"index","follow":"follow","max-snippet":"max-snippet:-1","max-image-preview":"max-image-preview:large","max-video-preview":"max-video-preview:-1"},"canonical":"https:\/\/amphi-festival.de\/en\/act\/gulvoess\/","og_locale":"en_US","og_type":"article","og_title":"GULV\u00d8SS - Amphi Festival 2026 - Tanzbrunnen Cologne","og_description":"The gifted singer and multi-instrumentalist Sven Wittmi\u00df alias GULV\u00d8SS provides plenty of cosy goosebump moments with his songs. As a wanderer between two","og_url":"https:\/\/amphi-festival.de\/en\/act\/gulvoess\/","og_site_name":"Amphi Festival 2026 - Tanzbrunnen Cologne","article_publisher":"https:\/\/www.facebook.com\/amphifestival","article_modified_time":"2024-10-11T08:49:21+00:00","og_image":[{"width":1920,"height":1282,"url":"https:\/\/amphi-festival.de\/wp-content\/uploads\/sites\/2\/2024\/10\/Gulvoss-by-Rafal-Drosik.jpg","type":"image\/jpeg"}],"twitter_card":"summary_large_image","twitter_misc":{"Est. reading time":"1 minute"},"schema":{"@context":"https:\/\/schema.org","@graph":[{"@type":"WebPage","@id":"https:\/\/amphi-festival.de\/en\/act\/gulvoess\/","url":"https:\/\/amphi-festival.de\/en\/act\/gulvoess\/","name":"GULV\u00d8SS - Amphi Festival 2026 - Tanzbrunnen Cologne","isPartOf":{"@id":"https:\/\/amphi-festival.de\/en\/#website"},"primaryImageOfPage":{"@id":"https:\/\/amphi-festival.de\/en\/act\/gulvoess\/#primaryimage"},"image":{"@id":"https:\/\/amphi-festival.de\/en\/act\/gulvoess\/#primaryimage"},"thumbnailUrl":"https:\/\/amphi-festival.de\/wp-content\/uploads\/sites\/2\/2024\/10\/Gulvoss-by-Rafal-Drosik.jpg","datePublished":"2024-10-11T08:48:45+00:00","dateModified":"2024-10-11T08:49:21+00:00","description":"The gifted singer and multi-instrumentalist Sven Wittmi\u00df alias GULV\u00d8SS provides plenty of cosy goosebump moments with his songs. As a wanderer between two","breadcrumb":{"@id":"https:\/\/amphi-festival.de\/en\/act\/gulvoess\/#breadcrumb"},"inLanguage":"en-US","potentialAction":[{"@type":"ReadAction","target":["https:\/\/amphi-festival.de\/en\/act\/gulvoess\/"]}]},{"@type":"ImageObject","inLanguage":"en-US","@id":"https:\/\/amphi-festival.de\/en\/act\/gulvoess\/#primaryimage","url":"https:\/\/amphi-festival.de\/wp-content\/uploads\/sites\/2\/2024\/10\/Gulvoss-by-Rafal-Drosik.jpg","contentUrl":"https:\/\/amphi-festival.de\/wp-content\/uploads\/sites\/2\/2024\/10\/Gulvoss-by-Rafal-Drosik.jpg","width":1920,"height":1282},{"@type":"BreadcrumbList","@id":"https:\/\/amphi-festival.de\/en\/act\/gulvoess\/#breadcrumb","itemListElement":[{"@type":"ListItem","position":1,"name":"Startseite","item":"https:\/\/amphi-festival.de\/en\/"},{"@type":"ListItem","position":2,"name":"GULV\u00d8SS"}]},{"@type":"WebSite","@id":"https:\/\/amphi-festival.de\/en\/#website","url":"https:\/\/amphi-festival.de\/en\/","name":"Amphi Festival 2026 - Tanzbrunnen K\u00f6ln","description":"XX Amphi-Festival - Tanzbrunnen Cologne vom 25.-26.July 2026","publisher":{"@id":"https:\/\/amphi-festival.de\/en\/#organization"},"alternateName":"Amphi Festival","potentialAction":[{"@type":"SearchAction","target":{"@type":"EntryPoint","urlTemplate":"https:\/\/amphi-festival.de\/en\/?s={search_term_string}"},"query-input":{"@type":"PropertyValueSpecification","valueRequired":true,"valueName":"search_term_string"}}],"inLanguage":"en-US"},{"@type":"Organization","@id":"https:\/\/amphi-festival.de\/en\/#organization","name":"Amphi Festival GmbH","alternateName":"Amphi Festival","url":"https:\/\/amphi-festival.de\/en\/","logo":{"@type":"ImageObject","inLanguage":"en-US","@id":"https:\/\/amphi-festival.de\/en\/#\/schema\/logo\/image\/","url":"https:\/\/amphi-festival.de\/wp-content\/uploads\/sites\/2\/2024\/04\/amphi-logo-696x969-1-jpg.webp","contentUrl":"https:\/\/amphi-festival.de\/wp-content\/uploads\/sites\/2\/2024\/04\/amphi-logo-696x969-1-jpg.webp","width":696,"height":696,"caption":"Amphi Festival GmbH"},"image":{"@id":"https:\/\/amphi-festival.de\/en\/#\/schema\/logo\/image\/"},"sameAs":["https:\/\/www.facebook.com\/amphifestival","https:\/\/www.youtube.com\/amphicrew","https:\/\/www.instagram.com\/amphifestival\/","https:\/\/www.tiktok.com\/@amphifestival"]}]}},"_links":{"self":[{"href":"https:\/\/amphi-festival.de\/en\/wp-json\/wp\/v2\/act\/5950","targetHints":{"allow":["GET"]}}],"collection":[{"href":"https:\/\/amphi-festival.de\/en\/wp-json\/wp\/v2\/act"}],"about":[{"href":"https:\/\/amphi-festival.de\/en\/wp-json\/wp\/v2\/types\/act"}],"author":[{"embeddable":true,"href":"https:\/\/amphi-festival.de\/en\/wp-json\/wp\/v2\/users\/1"}],"version-history":[{"count":1,"href":"https:\/\/amphi-festival.de\/en\/wp-json\/wp\/v2\/act\/5950\/revisions"}],"predecessor-version":[{"id":5951,"href":"https:\/\/amphi-festival.de\/en\/wp-json\/wp\/v2\/act\/5950\/revisions\/5951"}],"wp:featuredmedia":[{"embeddable":true,"href":"https:\/\/amphi-festival.de\/en\/wp-json\/wp\/v2\/media\/5948"}],"wp:attachment":[{"href":"https:\/\/amphi-festival.de\/en\/wp-json\/wp\/v2\/media?parent=5950"}],"wp:term":[{"taxonomy":"festival","embeddable":true,"href":"https:\/\/amphi-festival.de\/en\/wp-json\/wp\/v2\/festival?post=5950"}],"curies":[{"name":"wp","href":"https:\/\/api.w.org\/{rel}","templated":true}]}}

GULVØSS

<p>The gifted singer and multi-instrumentalist Sven Wittmiß alias GULVØSS provides plenty of cosy goosebump moments with his songs. As a wanderer between two worlds: the Nordic loneliness and the pulsating metropolis of Berlin, GULVØSS pours his soul life into melancholy hymns that only reveal their full depth and beauty bit by bit.</p>
<p>Musically, GULVØSS is difficult to categorise in one of the typical genre pigeonholes. Editors fans will perhaps appreciate the melancholic warmth of his works, Depeche Mode fans the vastness and tragedy of his sound constructions and fans of insider favourite VAST may discover parallels to their dark and yet always hopeful atmospheric soundscapes, always true to the motto: ‘Black Is Beautiful’.</p>

<!-- This site is optimized with the Yoast SEO plugin v27.5 - https://yoast.com/product/yoast-seo-wordpress/ -->
<title>GULVØSS - Amphi Festival 2026 - Tanzbrunnen Cologne</title>
<meta name="description" content="The gifted singer and multi-instrumentalist Sven Wittmiß alias GULVØSS provides plenty of cosy goosebump moments with his songs. As a wanderer between two" />
<meta name="robots" content="index, follow, max-snippet:-1, max-image-preview:large, max-video-preview:-1" />
<link rel="canonical" href="https://amphi-festival.de/en/act/gulvoess/" />
<meta property="og:locale" content="en_US" />
<meta property="og:type" content="article" />
<meta property="og:title" content="GULVØSS - Amphi Festival 2026 - Tanzbrunnen Cologne" />
<meta property="og:description" content="The gifted singer and multi-instrumentalist Sven Wittmiß alias GULVØSS provides plenty of cosy goosebump moments with his songs. As a wanderer between two" />
<meta property="og:url" content="https://amphi-festival.de/en/act/gulvoess/" />
<meta property="og:site_name" content="Amphi Festival 2026 - Tanzbrunnen Cologne" />
<meta property="article:publisher" content="https://www.facebook.com/amphifestival" />
<meta property="article:modified_time" content="2024-10-11T08:49:21+00:00" />
<meta property="og:image" content="https://amphi-festival.de/wp-content/uploads/sites/2/2024/10/Gulvoss-by-Rafal-Drosik.jpg" />
	<meta property="og:image:width" content="1920" />
	<meta property="og:image:height" content="1282" />
	<meta property="og:image:type" content="image/jpeg" />
<meta name="twitter:card" content="summary_large_image" />
<meta name="twitter:label1" content="Est. reading time" />
	<meta name="twitter:data1" content="1 minute" />
<script type="application/ld+json" class="yoast-schema-graph">{"@context":"https:\/\/schema.org","@graph":[{"@type":"WebPage","@id":"https:\/\/amphi-festival.de\/en\/act\/gulvoess\/","url":"https:\/\/amphi-festival.de\/en\/act\/gulvoess\/","name":"GULVØSS - Amphi Festival 2026 - Tanzbrunnen Cologne","isPartOf":{"@id":"https:\/\/amphi-festival.de\/en\/#website"},"primaryImageOfPage":{"@id":"https:\/\/amphi-festival.de\/en\/act\/gulvoess\/#primaryimage"},"image":{"@id":"https:\/\/amphi-festival.de\/en\/act\/gulvoess\/#primaryimage"},"thumbnailUrl":"https:\/\/amphi-festival.de\/wp-content\/uploads\/sites\/2\/2024\/10\/Gulvoss-by-Rafal-Drosik.jpg","datePublished":"2024-10-11T08:48:45+00:00","dateModified":"2024-10-11T08:49:21+00:00","description":"The gifted singer and multi-instrumentalist Sven Wittmiß alias GULVØSS provides plenty of cosy goosebump moments with his songs. As a wanderer between two","breadcrumb":{"@id":"https:\/\/amphi-festival.de\/en\/act\/gulvoess\/#breadcrumb"},"inLanguage":"en-US","potentialAction":[{"@type":"ReadAction","target":["https:\/\/amphi-festival.de\/en\/act\/gulvoess\/"]}]},{"@type":"ImageObject","inLanguage":"en-US","@id":"https:\/\/amphi-festival.de\/en\/act\/gulvoess\/#primaryimage","url":"https:\/\/amphi-festival.de\/wp-content\/uploads\/sites\/2\/2024\/10\/Gulvoss-by-Rafal-Drosik.jpg","contentUrl":"https:\/\/amphi-festival.de\/wp-content\/uploads\/sites\/2\/2024\/10\/Gulvoss-by-Rafal-Drosik.jpg","width":1920,"height":1282},{"@type":"BreadcrumbList","@id":"https:\/\/amphi-festival.de\/en\/act\/gulvoess\/#breadcrumb","itemListElement":[{"@type":"ListItem","position":1,"name":"Startseite","item":"https:\/\/amphi-festival.de\/en\/"},{"@type":"ListItem","position":2,"name":"GULVØSS"}]},{"@type":"WebSite","@id":"https:\/\/amphi-festival.de\/en\/#website","url":"https:\/\/amphi-festival.de\/en\/","name":"Amphi Festival 2026 - Tanzbrunnen Köln","description":"XX Amphi-Festival - Tanzbrunnen Cologne vom 25.-26.July 2026","publisher":{"@id":"https:\/\/amphi-festival.de\/en\/#organization"},"alternateName":"Amphi Festival","potentialAction":[{"@type":"SearchAction","target":{"@type":"EntryPoint","urlTemplate":"https:\/\/amphi-festival.de\/en\/?s={search_term_string}"},"query-input":{"@type":"PropertyValueSpecification","valueRequired":true,"valueName":"search_term_string"}}],"inLanguage":"en-US"},{"@type":"Organization","@id":"https:\/\/amphi-festival.de\/en\/#organization","name":"Amphi Festival GmbH","alternateName":"Amphi Festival","url":"https:\/\/amphi-festival.de\/en\/","logo":{"@type":"ImageObject","inLanguage":"en-US","@id":"https:\/\/amphi-festival.de\/en\/#\/schema\/logo\/image\/","url":"https:\/\/amphi-festival.de\/wp-content\/uploads\/sites\/2\/2024\/04\/amphi-logo-696x969-1-jpg.webp","contentUrl":"https:\/\/amphi-festival.de\/wp-content\/uploads\/sites\/2\/2024\/04\/amphi-logo-696x969-1-jpg.webp","width":696,"height":696,"caption":"Amphi Festival GmbH"},"image":{"@id":"https:\/\/amphi-festival.de\/en\/#\/schema\/logo\/image\/"},"sameAs":["https:\/\/www.facebook.com\/amphifestival","https:\/\/www.youtube.com\/amphicrew","https:\/\/www.instagram.com\/amphifestival\/","https:\/\/www.tiktok.com\/@amphifestival"]}]}</script>
<!-- / Yoast SEO plugin. -->

GULVØSS - Amphi Festival 2026 - Tanzbrunnen Cologne

The gifted singer and multi-instrumentalist Sven Wittmiß alias GULVØSS provides plenty of cosy goosebump moments with his songs. As a wanderer between two

Amphi Festival 2026 - Tanzbrunnen Köln
